{"id":80,"date":"2021-01-03T15:51:37","date_gmt":"2021-01-03T15:51:37","guid":{"rendered":"http:\/\/www.lbox.dk\/?page_id=80"},"modified":"2021-01-04T15:23:18","modified_gmt":"2021-01-04T15:23:18","slug":"connect-to-pe-server-2","status":"publish","type":"page","link":"https:\/\/www.lbox.dk\/index.php\/connect-to-pe-server-2\/","title":{"rendered":"Connect to PE Server"},"content":{"rendered":"\n<p>Skal man forbinde til en af mine minecraft  pe server, skal man k\u00f8re til bunden af &#8220;Servers&#8221; menuen, hvor punktet Additional Servers findes.<\/p>\n\n\n\n<figure class=\"wp-block-image size-large\"><img loading=\"lazy\" decoding=\"async\" width=\"1024\" height=\"768\" src=\"http:\/\/www.lbox.dk\/wp-content\/uploads\/2021\/01\/20210103_155623000_iOS-1024x768.png\" alt=\"\" class=\"wp-image-86\" srcset=\"https:\/\/www.lbox.dk\/wp-content\/uploads\/2021\/01\/20210103_155623000_iOS-1024x768.png 1024w, https:\/\/www.lbox.dk\/wp-content\/uploads\/2021\/01\/20210103_155623000_iOS-300x225.png 300w, https:\/\/www.lbox.dk\/wp-content\/uploads\/2021\/01\/20210103_155623000_iOS-768x576.png 768w, https:\/\/www.lbox.dk\/wp-content\/uploads\/2021\/01\/20210103_155623000_iOS-1536x1152.png 1536w, https:\/\/www.lbox.dk\/wp-content\/uploads\/2021\/01\/20210103_155623000_iOS-1568x1176.png 1568w, https:\/\/www.lbox.dk\/wp-content\/uploads\/2021\/01\/20210103_155623000_iOS.png 2048w\" sizes=\"auto, (max-width: 1024px) 100vw, 1024px\" \/><\/figure>\n\n\n\n<p>Nye server tilf\u00f8jes ved at trykke p\u00e5 &#8220;Add server&#8221;.<\/p>\n\n\n\n<p><strong>Server Name:<\/strong>  er blot et venligt navn, s\u00e5dan server addressen er nemt genkendeligt.<br><strong>Server Address:<\/strong> er den server dns addresse eller ip addresse, hvor minecraft serveren k\u00f8re, denne er naturligvis meget vigtigt at f\u00e5 skrevet rigtigt ind.<br><strong>Port:<\/strong> Er den Port Minecraft serveren k\u00f8re p\u00e5, det er noget som personen som er indehaver af minecraft serveren definere og s\u00e6tter op.<\/p>\n\n\n\n<div class=\"wp-block-columns is-layout-flex wp-container-core-columns-is-layout-9d6595d7 wp-block-columns-is-layout-flex\">\n<div class=\"wp-block-column is-layout-flow wp-block-column-is-layout-flow\">\n<div class=\"wp-block-columns is-layout-flex wp-container-core-columns-is-layout-9d6595d7 wp-block-columns-is-layout-flex\">\n<div class=\"wp-block-column is-layout-flow wp-block-column-is-layout-flow\">\n<figure class=\"wp-block-image size-large\"><img loading=\"lazy\" decoding=\"async\" width=\"1024\" height=\"768\" src=\"http:\/\/www.lbox.dk\/wp-content\/uploads\/2021\/01\/20210103_152139000_iOS-1-1024x768.png\" alt=\"\" class=\"wp-image-88\" srcset=\"https:\/\/www.lbox.dk\/wp-content\/uploads\/2021\/01\/20210103_152139000_iOS-1-1024x768.png 1024w, https:\/\/www.lbox.dk\/wp-content\/uploads\/2021\/01\/20210103_152139000_iOS-1-300x225.png 300w, https:\/\/www.lbox.dk\/wp-content\/uploads\/2021\/01\/20210103_152139000_iOS-1-768x576.png 768w, https:\/\/www.lbox.dk\/wp-content\/uploads\/2021\/01\/20210103_152139000_iOS-1-1536x1152.png 1536w, https:\/\/www.lbox.dk\/wp-content\/uploads\/2021\/01\/20210103_152139000_iOS-1-1568x1176.png 1568w, https:\/\/www.lbox.dk\/wp-content\/uploads\/2021\/01\/20210103_152139000_iOS-1.png 2048w\" sizes=\"auto, (max-width: 1024px) 100vw, 1024px\" \/><\/figure>\n<\/div>\n\n\n\n<div class=\"wp-block-column is-layout-flow wp-block-column-is-layout-flow\">\n<figure class=\"wp-block-image size-large\"><img loading=\"lazy\" decoding=\"async\" width=\"1024\" height=\"768\" src=\"http:\/\/www.lbox.dk\/wp-content\/uploads\/2021\/01\/20210103_152223000_iOS-1024x768.png\" alt=\"\" class=\"wp-image-89\" srcset=\"https:\/\/www.lbox.dk\/wp-content\/uploads\/2021\/01\/20210103_152223000_iOS-1024x768.png 1024w, https:\/\/www.lbox.dk\/wp-content\/uploads\/2021\/01\/20210103_152223000_iOS-300x225.png 300w, https:\/\/www.lbox.dk\/wp-content\/uploads\/2021\/01\/20210103_152223000_iOS-768x576.png 768w, https:\/\/www.lbox.dk\/wp-content\/uploads\/2021\/01\/20210103_152223000_iOS-1536x1152.png 1536w, https:\/\/www.lbox.dk\/wp-content\/uploads\/2021\/01\/20210103_152223000_iOS-1568x1176.png 1568w, https:\/\/www.lbox.dk\/wp-content\/uploads\/2021\/01\/20210103_152223000_iOS.png 2048w\" sizes=\"auto, (max-width: 1024px) 100vw, 1024px\" \/><\/figure>\n<\/div>\n<\/div>\n<\/div>\n<\/div>\n\n\n\n<p>Efter indstillingerne er skrevet ind, kan man med fordel tykke p\u00e5 Save, hvorp\u00e5 serveren bliver gemt under &#8220;additional servers&#8221;<\/p>\n\n\n\n<p>Herefter kan man blot at trykke p\u00e5 server og derefter p\u00e5 &#8220;Join server&#8221; for at tilslutte sig MineCraft Serveren.<br>Jeg har flere gang oplevet dette har driller og man blot skal lukke Minecraft helt ned p\u00e5 tablet og g\u00e5 ind p\u00e5 ny, hvorp\u00e5 at man uden yderligere kan tilg\u00e5 den minecraft server man har indskrevet.<\/p>\n\n\n\n<figure class=\"wp-block-image size-large is-resized\"><img loading=\"lazy\" decoding=\"async\" src=\"https:\/\/www.lbox.dk\/wp-content\/uploads\/2021\/01\/20210104_151755000_iOS-1024x768.png\" alt=\"\" class=\"wp-image-124\" width=\"768\" height=\"576\" srcset=\"https:\/\/www.lbox.dk\/wp-content\/uploads\/2021\/01\/20210104_151755000_iOS-1024x768.png 1024w, https:\/\/www.lbox.dk\/wp-content\/uploads\/2021\/01\/20210104_151755000_iOS-300x225.png 300w, https:\/\/www.lbox.dk\/wp-content\/uploads\/2021\/01\/20210104_151755000_iOS-768x576.png 768w, https:\/\/www.lbox.dk\/wp-content\/uploads\/2021\/01\/20210104_151755000_iOS-1536x1152.png 1536w, https:\/\/www.lbox.dk\/wp-content\/uploads\/2021\/01\/20210104_151755000_iOS-1568x1176.png 1568w, https:\/\/www.lbox.dk\/wp-content\/uploads\/2021\/01\/20210104_151755000_iOS.png 2048w\" sizes=\"auto, (max-width: 768px) 100vw, 768px\" \/><\/figure>\n\n\n\n<p>Man kan godt v\u00e6re udsat for en Internet leverand\u00f8r blokkere nogle porte, hvilket kan betyde at man ikke kan forbinde til en minecraft server.<br>Ligeledes kan server administratoren ogs\u00e5 ligge ind hvem som m\u00e5 joine serveren, s\u00e5dan den ikke er offentligt \u00e5ben.<\/p>\n","protected":false},"excerpt":{"rendered":"<p>Skal man forbinde til en af mine minecraft pe server, skal man k\u00f8re til bunden af &#8220;Servers&#8221; menuen, hvor punktet Additional Servers findes. Nye server tilf\u00f8jes ved at trykke p\u00e5 &#8220;Add server&#8221;. Server Name: er blot et venligt navn, s\u00e5dan server addressen er nemt genkendeligt.Server Address: er den server dns addresse eller ip addresse, hvor &hellip; <\/p>\n<p class=\"link-more\"><a href=\"https:\/\/www.lbox.dk\/index.php\/connect-to-pe-server-2\/\" class=\"more-link\">Continue reading<span class=\"screen-reader-text\"> &#8220;Connect to PE Server&#8221;<\/span><\/a><\/p>\n","protected":false},"author":1,"featured_media":0,"parent":0,"menu_order":0,"comment_status":"closed","ping_status":"closed","template":"","meta":{"footnotes":""},"class_list":["post-80","page","type-page","status-publish","hentry","entry"],"_links":{"self":[{"href":"https:\/\/www.lbox.dk\/index.php\/wp-json\/wp\/v2\/pages\/80","targetHints":{"allow":["GET"]}}],"collection":[{"href":"https:\/\/www.lbox.dk\/index.php\/wp-json\/wp\/v2\/pages"}],"about":[{"href":"https:\/\/www.lbox.dk\/index.php\/wp-json\/wp\/v2\/types\/page"}],"author":[{"embeddable":true,"href":"https:\/\/www.lbox.dk\/index.php\/wp-json\/wp\/v2\/users\/1"}],"replies":[{"embeddable":true,"href":"https:\/\/www.lbox.dk\/index.php\/wp-json\/wp\/v2\/comments?post=80"}],"version-history":[{"count":8,"href":"https:\/\/www.lbox.dk\/index.php\/wp-json\/wp\/v2\/pages\/80\/revisions"}],"predecessor-version":[{"id":126,"href":"https:\/\/www.lbox.dk\/index.php\/wp-json\/wp\/v2\/pages\/80\/revisions\/126"}],"wp:attachment":[{"href":"https:\/\/www.lbox.dk\/index.php\/wp-json\/wp\/v2\/media?parent=80"}],"curies":[{"name":"wp","href":"https:\/\/api.w.org\/{rel}","templated":true}]}}