{"id":54,"date":"2021-01-03T14:53:19","date_gmt":"2021-01-03T14:53:19","guid":{"rendered":"http:\/\/www.lbox.dk\/?page_id=54"},"modified":"2021-01-03T16:19:16","modified_gmt":"2021-01-03T16:19:16","slug":"minecraft-pe","status":"publish","type":"page","link":"https:\/\/www.lbox.dk\/index.php\/minecraft-pe\/","title":{"rendered":"Minecraft PE"},"content":{"rendered":"\n<p>MineCraft PE kan spilles som single spiller, men er meget hyggeligere at g\u00f8re sammen.<br>Er man p\u00e5 det samme netv\u00e6rk som teknisk set tillader at 2 eller flere enheder med Minecraft PE kan kommunikere sammen, kan man hurtig joine hinanden under &#8220;Friends&#8221; taben, men er man nu ikke p\u00e5 det samme netv\u00e6rk, skal man bruge en server, man kan m\u00f8des p\u00e5.<\/p>\n\n\n\n<figure class=\"wp-block-image size-large\"><img loading=\"lazy\" decoding=\"async\" width=\"1024\" height=\"768\" src=\"http:\/\/www.lbox.dk\/wp-content\/uploads\/2021\/01\/20210103_154301000_iOS-1024x768.png\" alt=\"\" class=\"wp-image-77\" srcset=\"https:\/\/www.lbox.dk\/wp-content\/uploads\/2021\/01\/20210103_154301000_iOS-1024x768.png 1024w, https:\/\/www.lbox.dk\/wp-content\/uploads\/2021\/01\/20210103_154301000_iOS-300x225.png 300w, https:\/\/www.lbox.dk\/wp-content\/uploads\/2021\/01\/20210103_154301000_iOS-768x576.png 768w, https:\/\/www.lbox.dk\/wp-content\/uploads\/2021\/01\/20210103_154301000_iOS-1536x1152.png 1536w, https:\/\/www.lbox.dk\/wp-content\/uploads\/2021\/01\/20210103_154301000_iOS-1568x1176.png 1568w, https:\/\/www.lbox.dk\/wp-content\/uploads\/2021\/01\/20210103_154301000_iOS.png 2048w\" sizes=\"auto, (max-width: 1024px) 100vw, 1024px\" \/><\/figure>\n\n\n\n<p>Alt efter om man har tilf\u00f8jet en xbox live konto til minecraft pe, kan &#8220;friends&#8221; tab&#8217;en se lidt forskelligt ud.<br>Har man xbox live og man har tilladt det under Privacy p\u00e5 xbox live konto indstillinger, kan tilf\u00f8je hinanden som venner.<\/p>\n","protected":false},"excerpt":{"rendered":"<p>MineCraft PE kan spilles som single spiller, men er meget hyggeligere at g\u00f8re sammen.Er man p\u00e5 det samme netv\u00e6rk som teknisk set tillader at 2 eller flere enheder med Minecraft PE kan kommunikere sammen, kan man hurtig joine hinanden under &#8220;Friends&#8221; taben, men er man nu ikke p\u00e5 det samme netv\u00e6rk, skal man bruge en &hellip; <\/p>\n<p class=\"link-more\"><a href=\"https:\/\/www.lbox.dk\/index.php\/minecraft-pe\/\" class=\"more-link\">Continue reading<span class=\"screen-reader-text\"> &#8220;Minecraft PE&#8221;<\/span><\/a><\/p>\n","protected":false},"author":1,"featured_media":0,"parent":0,"menu_order":0,"comment_status":"closed","ping_status":"closed","template":"","meta":{"footnotes":""},"class_list":["post-54","page","type-page","status-publish","hentry","entry"],"_links":{"self":[{"href":"https:\/\/www.lbox.dk\/index.php\/wp-json\/wp\/v2\/pages\/54","targetHints":{"allow":["GET"]}}],"collection":[{"href":"https:\/\/www.lbox.dk\/index.php\/wp-json\/wp\/v2\/pages"}],"about":[{"href":"https:\/\/www.lbox.dk\/index.php\/wp-json\/wp\/v2\/types\/page"}],"author":[{"embeddable":true,"href":"https:\/\/www.lbox.dk\/index.php\/wp-json\/wp\/v2\/users\/1"}],"replies":[{"embeddable":true,"href":"https:\/\/www.lbox.dk\/index.php\/wp-json\/wp\/v2\/comments?post=54"}],"version-history":[{"count":3,"href":"https:\/\/www.lbox.dk\/index.php\/wp-json\/wp\/v2\/pages\/54\/revisions"}],"predecessor-version":[{"id":99,"href":"https:\/\/www.lbox.dk\/index.php\/wp-json\/wp\/v2\/pages\/54\/revisions\/99"}],"wp:attachment":[{"href":"https:\/\/www.lbox.dk\/index.php\/wp-json\/wp\/v2\/media?parent=54"}],"curies":[{"name":"wp","href":"https:\/\/api.w.org\/{rel}","templated":true}]}}